base 8
4
-3 (base 6) to base 5
-3
-10001 (base 2) to base 14
-13
Convert -2 (base 12) to base 5.
-2
Convert 162 (base 8) to base 4.
1302
What is -2 (base 10) in base 2?
-10
Convert -3 (base 16) to base 8.
-3
Convert 143 (base 7) to base 15.
55
Convert -20 (base 8) to base 6.
-24
What is -266 (base 7) in base 5?
-1041
Convert 3 (base 5) to base 12.
3
Convert -a (base 13) to base 10.
-10
Convert -10 (base 14) to base 10.
-14
What is -2 (base 13) in base 11?
-2
What is 10 (base 5) in base 13?
5
Convert -243 (base 7) to base 6.
-333
Convert -2 (base 11) to base 7.
-2
What is 2 (base 12) in base 5?
2
Convert -2101 (base 3) to base 7.
-121
What is 2 (base 15) in base 10?
2
What is -11101 (base 3) in base 9?
-141
What is -79 (base 10) in base 11?
-72
-212 (base 3) to base 10
-23
What is -3 (base 4) in base 7?
-3
3 (base 13) to base 11
3
122 (base 13) to base 4
3011
What is -2 (base 6) in base 9?
-2
1 (base 5) to base 7
1
232 (base 12) to base 16
146
102 (base 4) to base 9
20
4 (base 8) to base 14
4
-312 (base 6) to base 8
-164
What is -6 (base 10) in base 12?
-6
What is -10 (base 3) in base 13?
-3
What is -100210 (base 3) in base 13?
-174
What is 230 (base 4) in base 8?
54
Convert 1 (base 3) to base 4.
1
5 (base 12) to base 8
5
What is -24 (base 6) in base 8?
-20
Convert 5 (base 15) to base 12.
5
What is 1111110 (base 2) in base 12?
a6
Convert d (base 14) to base 6.
21
44 (base 8) to base 16
24
7 (base 16) to base 9
7
Convert -5 (base 14) to base 15.
-5
110 (base 2) to base 4
12
-17 (base 11) to base 13
-15
What is -9 (base 15) in base 12?
-9
21 (base 3) to base 6
11
-10101 (base 2) to base 8
-25
Convert -1a (base 13) to base 3.
-212
-15 (base 16) to base 12
-19
Convert -1 (base 10) to base 7.
-1
Convert 70 (base 8) to base 7.
110
1 (base 9) to base 7
1
8 (base 14) to base 15
8
Convert 203 (base 4) to base 10.
35
What is 1022 (base 3) in base 15?
25
What is 22122 (base 3) in base 5?
1413
432 (base 10) to base 7
1155
9 (base 14) to base 3
100
-11221 (base 3) to base 13
-a3
What is 3 (base 12) in base 9?
3
Convert -17 (base 14) to base 11.
-1a
c (base 16) to base 14
c
What is -207 (base 8) in base 11?
-113
What is -a8 (base 11) in base 9?
-141
What is 44 (base 15) in base 2?
1000000
Convert -13 (base 9) to base 2.
-1100
What is -22 (base 11) in base 10?
-24
What is -22 (base 9) in base 3?
-202
What is -1 (base 6) in base 10?
-1
123 (base 8) to base 14
5d
What is -31 (base 5) in base 3?
-121
Convert -2 (base 4) to base 2.
-10
Convert -aa (base 16) to base 13.
-101
What is 1c (base 15) in base 2?
11011
69 (base 15) to base 2
1100011
What is -2 (base 12) in base 6?
-2
0 (base 10) to base 14
0
-4 (base 8) to base 3
-11
Convert 1 (base 11) to base 3.
1
-215 (base 6) to base 8
-123
What is 3 (base 6) in base 10?
3
What is b (base 15) in base 3?
102
-13 (base 16) to base 8
-23
-1 (base 10) to base 4
-1
Convert -111110 (base 2) to base 9.
-68
121 (base 4) to base 15
1a
What is 10 (base 7) in base 5?
12
45 (base 8) to base 5
122
What is 8 (base 11) in base 5?
13
3e (base 16) to base 10
62
What is 1 (base 9) in base 2?
1
Convert 3 (base 12) to base 7.
3
0 (base 4) to base 6
0
-84 (base 13) to base 11
-99
4 (base 5) to base 4
10
Convert 30 (base 8) to base 5.
44
Convert -14 (base 11) to base 15.
-10
What is 100 (base 4) in base 8?
20
Convert -2 (base 13) to base 4.
-2
52 (base 12) to base 6
142
-4 (base 7) to base 15
-4
-6 (base 10) to base 4
-12
What is 510 (base 6) in base 9?
226
What is -4 (base 16) in base 3?
-11
What is -9 (base 13) in base 9?
-10
What is 35 (base 7) in base 15?
1b
What is 21 (base 8) in base 6?
25
What is -72 (base 14) in base 3?
-10201
What is 3 (base 9) in base 14?
3
12 (base 6) to base 14
8
Convert -10010110 (base 2) to base 9.
-176
10 (base 4) to base 5
4
What is 52 (base 13) in base 3?
2111
1245 (base 6) to base 12
225
What is -ba (base 13) in base 5?
-1103
30 (base 7) to base 12
19
Convert 4 (base 16) to base 8.
4
Convert 31 (base 7) to base 2.
10110
Convert 10 (base 8) to base 15.
8
Convert -41 (base 5) to base 4.
-111
Convert -32 (base 15) to base 13.
-38
Convert 0 (base 11) to base 12.
0
112 (base 4) to base 8
26
1 (base 10) to base 8
1
23 (base 16) to base 12
2b
-1200 (base 3) to base 11
-41
Convert 49 (base 13) to base 10.
61
What is 8c (base 13) in base 2?
1110100
0 (base 3) to base 11
0
f (base 16) to base 9
16
Convert 1 (base 16) to base 4.
1
28 (base 11) to base 8
36
-77 (base 15) to base 5
-422
-30 (base 4) to base 15
-c
-12 (base 9) to base 3
-102
324 (base 6) to base 14
8c
4 (base 13) to base 15
4
-401 (base 5) to base 10
-101
What is a9 (base 15) in base 9?
186
What is -12 (base 10) in base 8?
-14
Convert -3 (base 9) to base 7.
-3
Convert -1 (base 2) to base 11.
-1
Convert 66 (base 16) to base 12.
86
-1 (base 10) to base 3
-1
Convert 2 (base 3) to base 10.
2
-1 (base 3) to base 4
-1
3 (base 14) to base 10
3
What is 182 (base 9) in base 15?
a5
Convert 10111 (base 3) to base 9.
114
What is -4 (base 14) in base 4?
-10
What is -4 (base 10) in base 14?
-4
12 (base 15) to base 16
11
10 (base 3) to base 7
3
2 (base 8) to base 3
2
Convert 24 (base 16) to base 2.
100100
What is 77 (base 10) in base 6?
205
-11 (base 5) to base 14
-6
-3 (base 15) to base 14
-3
-413 (base 6) to base 14
-ad
1 (base 11) to base 7
1
0 (base 3) to base 16
0
Convert -201 (base 6) to base 9.
-81
What is -10 (base 3) in base 8?
-3
What is -2 (base 11) in base 4?
-2
2 (base 16) to base 12
2
What is -3 (base 11) in base 3?
-10
-2 (base 11) to base 7
-2
17 (base 14) to base 3
210
3 (base 9) to base 6
3
57 (base 14) to base 11
70
Convert -200 (base 3) to base 9.
-20
Convert 84 (base 9) to base 13.
5b
What is 2 (base 9) in base 4?
2
29 (base 15) to base 4
213
What is 1 (base 4) in base 12?
1
536 (base 7) to base 12
1a8
What is -2b (base 12) in base 15?
-25
Convert -121 (base 7) to base 14.
-48
23 (base 12) to base 7
36
What is -3 (base 7) in base 4?
-3
Convert 182 (base 13) to base 12.
1ab
What is 0 (base 9) in base 14?
0
Convert -100000 (base 2) to base 9.
-35
What is 3 (base 7) in base 2?
11
What is 1 (base 3) in base 12?
1
-3 (base 4) to base 2
-11
Convert 301 (base 9) to base 5.
1434
-64 (base 9) to base 7
-112
Convert 0 (base 10) to base 9.
0
What is 4 (base 9) in base 5?
4
-210 (base 3) to base 6
-33
-353 (base 6) to base 7
-261
Convert 0 (base 6) to base 13.
0
What is -100011101 (base 2) in base 15?
-140
-29 (base 10) to base 8
-35
-2 (base 3) to base 12
-2
Convert 1 (base 8) to base 16.
1
What is 0 (base 4) in base 2?
0
Convert -30 (base 6) to base 10.
-18
-1 (base 10) to base 3
-1
What is -24 (base 8) in base 4?
-110
-124 (base 5) to base 12
-33
7 (base 13) to base 10
7
What is 112002 (base 3) in base 10?
380
What is -10010 (base 4) in base 6?
-1112
Convert -35 (base 11) to base 9.
-42
Convert -2 (base 15) to base 5.
-2
2 (base 10) to base 14
2
-1 (base 11) to base 12
-1
-12 (base 16) to base 3
-200
10 (base 4) to base 16
4
Convert -67 (base 16) to base 5.
-403
-17 (base 13) to base 3
-202
Convert -1 (base 11) to base 5.
-1
Convert 7 (base 13) to base 3.
21
1111 (base 2) to base 16
f
What is -11 (base 11) in base 2?
-1100
-1000000 (base 2) to base 15
-44
What is -11 (base 9) in base 14?
-a
Convert -2 (base 13) to base 11.
-2
Convert -245 (base 6) to base 2.
-1100101
What is 10110100 (base 2) in base 5?
1210
24 (base 15) to base 16
22
4 (base 12) to base 3
11
What is 3 (base 12) in base 6?
3
81 (base 10) to base 8
121
0 (base 3) to base 6
0
Convert 1120 (base 3) to base 5.
132
What is -2 (base 16) in base 9?
-2
31 (base 11) to base 15
24
Convert -21 (base 3) to base 4.
-13
Convert 5d (base 15) to base 8.
130
What is -210 (base 3) in base 11?
-1a
33 (base 16) to base 8
63
Convert -40 (base 6) to base 12.
-20
What is 7 (base 13) in base 9?
7
What is -1110 (base 4) in base 13?
-66
Convert 40 (base 10) to base 11.
37
-1c (base 13) to base 15
-1a
What is 3 (base 12) in base 6?
3
-14 (base 7) to base 11
-10
Convert ca (base 13) to base 15.
b1
2 (base 4) to base 10
2
0 (base 7) to base 15
0
Convert -10 (base 3) to base 9.
-3
What is -2 (base 8) in base 14?
-2
14 (base 11) to base 3
120
Convert 462 (base 7) to base 4.
3300
Convert -2 (base 9) to base 2.
-10
What is 24 (base 7) in base 2?
10010
What is -40 (base 12) in base 7?
-66
2 (base 16) to base 4
2
110